 -15*p**2 - 32*p + 459. Calculate l(9).
-1044
Let c(r) = -8*r**2 - 32*r - 52. Calculate c(-8).
-308
Let b(x) = 183*x**2 - 11699*x - 832. What is b(64)?
0
Let j(x) = -8*x**2 - 37326*x + 112046. Determine j(3).
-4
Let q(f) = -37*f**2 - 621*f - 719. Give q(-15).
271
Let t(s) = -139*s**2 - 21112*s + 2436. Give t(-152).
4
Let p(t) = -1014*t**2 - 157984*t + 31198. Determine p(-156).
-2
Let c(y) = -29*y**2 - 604*y - 2435. Give c(-4).
-483
Let b(c) = -80*c**2 + 2081*c + 2079. Determine b(-1).
-82
Let t(l) = -l**3 - 278*l**2 + 550*l - 1802. What is t(-280)?
998
Let w(k) = 67*k**2 + 138*k + 163. Determine w(-2).
155
Let m(r) = -18*r**3 + 185*r**2 + 377*r - 53. Calculate m(12).
7
Let j(t) = -70*t**3 - 40181*t**2 - 579*t - 2873. Determine j(-574).
-3
Let m(n) = -n**2 + 30887*n + 2632614. Calculate m(-85).
-6
Let j(b) = 39*b**2 + 4730*b + 31196. Determine j(-7).
-3
Let o(a) = a**2 + 1924*a - 50730. Calculate o(26).
-30
Let z(a) = -89*a**2 - 628*a - 535. Determine z(-1).
4
Let t(o) = -o**3 - 328*o**2 - 1684*o - 125715. Give t(-324).
-3
Let h(f) = -f**3 - 60*f**2 - 136*f + 68. Determine h(-57).
-1927
Let j(l) = 85*l + 13982. Calculate j(-163).
127
Let n(f) = 508*f + 45232. Give n(-89).
20
Let z(f) = 44*f - 2600. Calculate z(75).
700
Let d(i) = 8422*i + 261103. What is d(-31)?
21
Let v(u) = 11916*u - 655379. Calculate v(55).
1
Let l(a) = -1889*a - 5093. Determine l(-3).
574
Let j(y) = -2*y**3 + 13*y**2 + 31*y - 428. Give j(8).
-372
Let c(v) = 3*v**3 + 24*v**2 + 1208*v + 9660. Give c(-8).
-4
Let r(f) = -3*f**3 - f**2 + 168*f + 10. What is r(0)?
10
Let s(m) = 197*m + 18921. Calculate s(-99).
-582
Let u(d) = 3*d**3 - 80*d**2 + 1126*d - 31407. Give u(27).
-276
Let l(r) = -11*r**3 - 69*r**2 + 11094*r + 66654. Determine l(-6).
-18
Let k(v) = 5*v**2 - 1692*v + 137904. Determine k(137).
-55
Let y(z) = -5*z**2 + 1321*z - 74188. Give y(81).
8
Let u(f) = f**3 - 40*f**2 + 158*f - 6339. Calculate u(40).
-19
Let u(s) = -3017*s + 93819. Give u(31).
292
Let s(n) = 959*n - 741. Determine s(8).
6931
Let d(c) = 7*c**2 - 23*c - 465. Calculate d(9).
-105
Let l(v) = v**2 + 353*v + 31798. What is l(-146)?
1576
Let a(u) = -u**3 - 381*u**2 + 2341*u + 7350. Calculate a(-387).
-3
Let z(f) = 2*f**2 - 499*f + 10692. What is z(228)?
888
Let g(r) = -2*r**3 + 45*r**2 + 9*r - 1161. What is g(21)?
351
Let f(h) = h**3 + 11*h**2 - 187*h - 1568. Calculate f(-14).
462
Let n(m) = -6960*m - 5101712. Calculate n(-733).
-32
Let j(r) = -401*r**2 + 1259*r - 29. Give j(3).
139
Let f(w) = -4*w**2 - 1222*w - 9372. Determine f(-8).
148
Let y(n) = 3324*n - 372330. Determine y(112).
-42
Let i(u) = -u**2 - 190*u - 2279. Calculate i(-13).
22
Let t(l) = 774*l - 9898. What is t(13)?
164
Let t(o) = -72*o + 861. What is t(-17)?
2085
Let y(p) = -p**2 - 3743*p + 37487. What is y(10)?
-43
Let j(m) = -2*m**3 - 279*m**2 + 2002*m + 9. What is j(7)?
-334
Let y(i) = 1735*i**2 + 1925845*i - 5545. Determine y(-1110).
5
Let t(h) = 511*h - 201062. Calculate t(394).
272
Let a(c) = 2*c**3 + 443*c**2 - 1357*c + 42. Determine a(3).
12
Let k(p) = -834*p + 171813. Determine k(206).
9
Let d(k) = -k**2 - 233*k + 130378. Determine d(-496).
-70
Let u(g) = g**2 - 121*g + 2083. What is u(31)?
-707
Let f(j) = -3*j**2 + 7200*j + 360008. What is f(-49)?
5
Let w(r) = 3*r**2 + 706*r - 3552. What is w(5)?
53
Let u(h) = h**2 + 283*h + 18967. Determine u(-172).
-125
Let d(o) = o**3 + 166*o**2 + 961*o - 209. Give d(-160).
-369
Let m(f) = 44226*f - 221148. Give m(5).
-18
Let j(q) = 5758*q + 34498. What is j(-6)?
-50
Let l(a) = a**3 + 96*a**2 - 718*a + 222. What is l(-103)?
-87
Let h(f) = 2*f**3 - 404*f**2 - 18796*f - 567. Calculate h(241).
-85
Let h(u) = 3*u**2 + 129*u - 8676. Calculate h(39).
918
Let v(r) = r**3 - 23*r**2 - 221*r - 114. Determine v(31).
723
Let j(t) = 601*t - 15290. What is j(26)?
336
Let b(x) = 953*x - 22899. What is b(24)?
-27
Let d(t) = -6367*t**2 - 967785*t - 162. Determine d(-152).
-10
Let p(g) = -g**3 + 15*g**2 + 696*g - 11275. Determine p(17).
-21
Let y(d) = -37*d**3 + 181*d**2 + 293*d + 110. Give y(-1).
35
Let v(q) = 4611*q + 4584. Determine v(-1).
-27
Let j(k) = -k**2 - 4910*k + 202977. What is j(41)?
-14
Let x(j) = -58*j**2 + 258*j + 2827. Give x(-6).
-809
Let p(c) = -101903*c + 713378. Give p(7).
57
Let i(r) = 66*r**2 - 7945*r + 7945. Determine i(1).
66
Let a(j) = 1041*j**3 - 81196*j**2 - 158*j + 97. Determine a(78).
-59
Let p(l) = -9149*l**2 + 1381500*l - 156. Determine p(151).
-5
Let x(g) = 17222*g + 241097. Give x(-14).
-11
Let q(b) = 3*b**3 - 73*b**2 - 1010*b + 24836. Give q(24).
20
Let g(c) = c**2 - 1516*c + 26933. Determine g(18).
-31
Let f(n) = 46080*n - 552945. Calculate f(12).
15
Let l(y) = -2*y**3 - 977*y**2 - 16933*y + 38. Give l(-18).
-52
Let q(h) = -88*h - 8160. Give q(-57).
-3144
Let v(m) = -8*m**2 + 3228*m + 19419. Determine v(-6).
-237
Let d(l) = -l**3 - 9*l**2 + 217*l - 1718. Calculate d(8).
-1070
Let b(j) = -j**3 - 1194*j**2 - 19960*j + 57663. Give b(-1177).
-10
Let c(t) = -819*t - 11473. Calculate c(-15).
812
Let v(b) = -b**3 + 36*b**2 + 111*b + 1877. Give v(40).
-83
Let g(c) = -46*c**2 - 18*c + 12. Calculate g(0).
12
Let w(g) = 17525*g**2 - 17510*g - 6. Give w(1).
9
Let t(s) = -4760*s - 661256. Give t(-139).
384
Let w(g) = -158*g**2 + 618*g + 73. Calculate w(4).
17
Let o(h) = 2*h**3 - 70*h**2 + 68*h - 2369. Determine o(35).
11
Let f(w) = -3*w**3 - 103*w**2 - 230*w - 3197. Determine f(-33).
37
Let t(r) = 18*r**2 - 1578*r - 505. What is t(88)?
23
Let j(c) = -43*c + 769. What is j(33)?
-650
Let l(v) = 17899*v + 71452. Calculate l(-4).
-144
Let b(r) = -r**2 - 727*r + 96831. Determine b(-842).
1
Let f(k) = -2*k**2 + 240*k + 45338. What is f(222)?
50
Let t(f) = -390*f + 32288. Calculate t(83).
-82
Let h(u) = u**3 + u**2 - 150*u - 1335. What is h(-12)?
-1119
Let n(y) = 247*y**2 - 4081*y - 6568. Give n(18).
2
Let i(d) = -3253*d - 19036. Give i(-5).
-2771
Let g(y) = y**2 + 5732*y + 165390. What is g(-29)?
3
Let z(f) = 72667*f + 726844. Determine z(-10).
174
Let x(p) = 48913*p - 146604. Give x(3).
135
Let b(l) = -2*l**3 - 62*l**2 + 324*l + 55. What is b(-36)?
1351
Let b(l) = -2*l**2 + 270*l + 451. What is b(136)?
179
Let r(p) = 1014*p - 92. Give r(-2).
-2120
Let q(y) = 58482*y - 27428066. Determine q(469).
-8
Let c(x) = -x**3 - 735*x**2 + 18972*x - 21291. Give c(-760).
-11
Let i(z) = -3*z**3 + 560*z**2 - 2538*z - 1820. Calculate i(182).
0
Let b(p) = p**3 + 10*p**2 + 53*p + 337. Determine b(-6).
163
Let d(n) = -n + 956. Give d(-51).
1007
Let g(d) = d**3 + 12*d**2 - 60*d + 12. Calculate g(-16).
-52
Let r(f) = -3980*f - 242761. What is r(-61)?
19
Let f(l) = -180951*l + 7237925. Calculate f(40).
-115
Let g(s) = -26525*s - 8143206. Calculate g(-307).
-31
Let s(c) = 1301*c + 3757. Calculate s(-3).
-146
Let d(u) = 698541*u - 11875203. Determine d(17).
-6
Let c(z) = z**2 + 176*z - 2843. Determine c(15).
22
Let j(n) = -n**2 - 1596*n - 6380. Calculate j(-4).
-12
Let g(i) = -1805*i - 2428. What is g(-2)?
1182
Let w(f) = -1235*f**2 + 126000*f - 3074. Determine w(102).
-14
Let o(a) = -a**3 + 161*a**2 + 32525*a + 89. Determine o(278).
-189
Let f(x) = x**3 + 19*x**2 + 23*x - 25. Give f(-19).
-462
Let v(u) = 2*u**3 + 868*u**2 - 11636*u + 163. Give v(13).
-19
Let f(j) = -52*j**2 + 616*j - 6. Give f(12).
-102
Let w(r) = 17*r**2 + 374*r + 143. Give w(-19).
-826
Let i(a) = -153125*a + 612512. Determine i(4).
12
Let o(r) = -r**3 - 22*r**2 - 928*r - 10470. Calculate o(-13).
73
Let w(u) = -4*u**3 + 13*u**2 + 38*u + 3. Calculate w(-2).
11
Let g(a) = -a**3 - 15*a**2 - 4*a - 1224. What is g(-18)?
-180
Let b(u) = -1664*u + 34946. What is b(21)?
2
Let q(j) = 4456*j + 71376. Give q(-16).
80
Let s(t) = -2*t**3 + 112*t**2 + 102*t + 676. Give s(57).
-8
Let q(k) = 9417*k + 301341. Give q(-32).
-3
Let n(w) = -277*w**2 - 3*w - 2. Calculate n(0).
-2
Let p(r) = 104*r + 16517. Calculate p(-159).
-19
Let q(k) = k**3 - 615*k**2 - 340478*k + 90898. Give q(967).
0
Let y(k) = k**3 + 293*k**2 + 15912*k - 24. What is y(-72)?
-24
Let y(r) = 136*r**2 + 3125*r + 13. Give y(-23).
82
Let s(t) = -21934*t + 636072. What is s(29)?
-14
Let y(c) = -20496*c - 225483. Determine y(-11).
-27
Let t(p) = -16*p**3 - 111*p**2 + 54*p + 344. Determine t(-7).
15
Let g(d) = -165*d - 10230. What is g(-62)?
0
Let n(i) = 2*i**3 + 50*i**2 - 291*i + 208. Determine n(-30).
-6